{"id":2458,"date":"2023-06-26T20:00:09","date_gmt":"2023-06-26T18:00:09","guid":{"rendered":"https:\/\/www.musikverein-bobenheim.de\/bobenheimer\/?page_id=2458"},"modified":"2025-12-20T10:44:32","modified_gmt":"2025-12-20T09:44:32","slug":"kontakt","status":"publish","type":"page","link":"https:\/\/www.musikverein-bobenheim.de\/bobenheimer\/kontakt\/","title":{"rendered":"Kontakt"},"content":{"rendered":"\t\t<div data-elementor-type=\"wp-page\" data-elementor-id=\"2458\" class=\"elementor elementor-2458\">\n\t\t\t\t\t\t<section class=\"elementor-section elementor-top-section elementor-element elementor-element-d5c9027 elementor-section-boxed elementor-section-height-default elementor-section-height-default\" data-id=\"d5c9027\" data-element_type=\"section\" data-e-type=\"section\">\n\t\t\t\t\t\t<div class=\"elementor-container elementor-column-gap-default\">\n\t\t\t\t\t<div class=\"elementor-column elementor-col-100 elementor-top-column elementor-element elementor-element-3558bfa\" data-id=\"3558bfa\" data-element_type=\"column\" data-e-type=\"column\">\n\t\t\t<div class=\"elementor-widget-wrap elementor-element-populated\">\n\t\t\t\t\t\t<div class=\"elementor-element elementor-element-8d2b3fb elementor-widget elementor-widget-text-editor\" data-id=\"8d2b3fb\" data-element_type=\"widget\" data-e-type=\"widget\" data-widget_type=\"text-editor.default\">\n\t\t\t\t<div class=\"elementor-widget-container\">\n\t\t\t\t\t\t\t\t\t<p>Sie suchen f\u00fcr <span class=\"mark\">Ihre Veranstaltung<\/span> oder <span class=\"mark\">Weinfest<\/span> ein Orchester, das unterhalten kann und gute Stimmung macht?<\/p>\t\t\t\t\t\t\t\t<\/div>\n\t\t\t\t<\/div>\n\t\t\t\t\t<\/div>\n\t\t<\/div>\n\t\t\t\t\t<\/div>\n\t\t<\/section>\n\t\t\t\t<section class=\"elementor-section elementor-top-section elementor-element elementor-element-2351f68 elementor-section-boxed elementor-section-height-default elementor-section-height-default\" data-id=\"2351f68\" data-element_type=\"section\" data-e-type=\"section\">\n\t\t\t\t\t\t<div class=\"elementor-container elementor-column-gap-default\">\n\t\t\t\t\t<div class=\"elementor-column elementor-col-50 elementor-top-column elementor-element elementor-element-f838c36\" data-id=\"f838c36\" data-element_type=\"column\" data-e-type=\"column\">\n\t\t\t<div class=\"elementor-widget-wrap elementor-element-populated\">\n\t\t\t\t\t\t<div class=\"elementor-element elementor-element-da1685b elementor-widget elementor-widget-text-editor\" data-id=\"da1685b\" data-element_type=\"widget\" data-e-type=\"widget\" data-widget_type=\"text-editor.default\">\n\t\t\t\t<div class=\"elementor-widget-container\">\n\t\t\t\t\t\t\t\t\t<p><a href=\"#kontaktformular\">Dann kontaktieren Sie uns!<\/a><\/p><p>Wir sind mit \u00fcber 50 aktiven Musikern ein recht gro\u00dfes Ensemble, was f\u00fcr Volumen, Klang und ausgewogene <span class=\"mark\">Stimmung<\/span> sorgt.<\/p><p>Sollten Ihre r\u00e4umlichen Gegebenheiten nur eine kleine Besetzung zulassen, muss das kein Problem sein. Wir werden mit Ihnen gemeinsam \u00fcberlegen, was machbar und sinnvoll ist.<\/p>\t\t\t\t\t\t\t\t<\/div>\n\t\t\t\t<\/div>\n\t\t\t\t\t<\/div>\n\t\t<\/div>\n\t\t\t\t<div class=\"elementor-column elementor-col-50 elementor-top-column elementor-element elementor-element-517179e\" data-id=\"517179e\" data-element_type=\"column\" data-e-type=\"column\">\n\t\t\t<div class=\"elementor-widget-wrap elementor-element-populated\">\n\t\t\t\t\t\t<div class=\"elementor-element elementor-element-08be029 elementor-widget elementor-widget-image\" data-id=\"08be029\" data-element_type=\"widget\" data-e-type=\"widget\" data-widget_type=\"image.default\">\n\t\t\t\t<div class=\"elementor-widget-container\">\n\t\t\t\t\t\t\t\t\t\t\t\t\t\t\t\t<a href=\"https:\/\/www.musikverein-bobenheim.de\/bobenheimer\/wp-content\/uploads\/Bild4_quardatisch.png\" data-elementor-open-lightbox=\"yes\" data-elementor-lightbox-title=\"Schorleglas\" data-e-action-hash=\"#elementor-action%3Aaction%3Dlightbox%26settings%3DeyJpZCI6Mjc3NywidXJsIjoiaHR0cHM6XC9cL3d3dy5tdXNpa3ZlcmVpbi1ib2JlbmhlaW0uZGVcL2JvYmVuaGVpbWVyXC93cC1jb250ZW50XC91cGxvYWRzXC9CaWxkNF9xdWFyZGF0aXNjaC5wbmcifQ%3D%3D\">\n\t\t\t\t\t\t\t<img fetchpriority=\"high\" decoding=\"async\" width=\"768\" height=\"768\" src=\"https:\/\/www.musikverein-bobenheim.de\/bobenheimer\/wp-content\/uploads\/Bild4_quardatisch-768x768.png\" class=\"attachment-medium_large size-medium_large wp-image-2777\" alt=\"Schorleglas\" srcset=\"https:\/\/www.musikverein-bobenheim.de\/bobenheimer\/wp-content\/uploads\/Bild4_quardatisch-768x768.png 768w, https:\/\/www.musikverein-bobenheim.de\/bobenheimer\/wp-content\/uploads\/Bild4_quardatisch-300x300.png 300w, https:\/\/www.musikverein-bobenheim.de\/bobenheimer\/wp-content\/uploads\/Bild4_quardatisch-1024x1024.png 1024w, https:\/\/www.musikverein-bobenheim.de\/bobenheimer\/wp-content\/uploads\/Bild4_quardatisch-150x150.png 150w, https:\/\/www.musikverein-bobenheim.de\/bobenheimer\/wp-content\/uploads\/Bild4_quardatisch-1536x1536.png 1536w, https:\/\/www.musikverein-bobenheim.de\/bobenheimer\/wp-content\/uploads\/Bild4_quardatisch-2048x2048.png 2048w, https:\/\/www.musikverein-bobenheim.de\/bobenheimer\/wp-content\/uploads\/Bild4_quardatisch-45x45.png 45w\" sizes=\"(max-width: 768px) 100vw, 768px\" \/>\t\t\t\t\t\t\t\t<\/a>\n\t\t\t\t\t\t\t\t\t\t\t\t\t\t\t<\/div>\n\t\t\t\t<\/div>\n\t\t\t\t\t<\/div>\n\t\t<\/div>\n\t\t\t\t\t<\/div>\n\t\t<\/section>\n\t\t\t\t<section class=\"elementor-section elementor-top-section elementor-element elementor-element-f43b3c7 elementor-section-boxed elementor-section-height-default elementor-section-height-default\" data-id=\"f43b3c7\" data-element_type=\"section\" data-e-type=\"section\">\n\t\t\t\t\t\t<div class=\"elementor-container elementor-column-gap-default\">\n\t\t\t\t\t<div class=\"elementor-column elementor-col-100 elementor-top-column elementor-element elementor-element-6d0aedd\" data-id=\"6d0aedd\" data-element_type=\"column\" data-e-type=\"column\">\n\t\t\t<div class=\"elementor-widget-wrap elementor-element-populated\">\n\t\t\t\t\t\t<div class=\"elementor-element elementor-element-d40f2f8 elementor-widget elementor-widget-text-editor\" data-id=\"d40f2f8\" data-element_type=\"widget\" data-e-type=\"widget\" data-widget_type=\"text-editor.default\">\n\t\t\t\t<div class=\"elementor-widget-container\">\n\t\t\t\t\t\t\t\t\t<span class=\"mark\">Du<\/span> spielst ein Blasinstrument, e-Bass oder Schlagzeug\/Percussion und suchst eine lebendige Gemeinschaft, in der Du Deinem <span class=\"mark\">Hobby<\/span> nachgehen m\u00f6chtest?\t\t\t\t\t\t\t\t<\/div>\n\t\t\t\t<\/div>\n\t\t\t\t\t<\/div>\n\t\t<\/div>\n\t\t\t\t\t<\/div>\n\t\t<\/section>\n\t\t\t\t<section class=\"elementor-section elementor-top-section elementor-element elementor-element-d48fd90 elementor-section-boxed elementor-section-height-default elementor-section-height-default\" data-id=\"d48fd90\" data-element_type=\"section\" data-e-type=\"section\">\n\t\t\t\t\t\t<div class=\"elementor-container elementor-column-gap-default\">\n\t\t\t\t\t<div class=\"elementor-column elementor-col-50 elementor-top-column elementor-element elementor-element-29b822b\" data-id=\"29b822b\" data-element_type=\"column\" data-e-type=\"column\">\n\t\t\t<div class=\"elementor-widget-wrap elementor-element-populated\">\n\t\t\t\t\t\t<div class=\"elementor-element elementor-element-3b66b78 elementor-widget elementor-widget-image\" data-id=\"3b66b78\" data-element_type=\"widget\" data-e-type=\"widget\" data-widget_type=\"image.default\">\n\t\t\t\t<div class=\"elementor-widget-container\">\n\t\t\t\t\t\t\t\t\t\t\t\t\t\t\t\t<a href=\"https:\/\/www.musikverein-bobenheim.de\/bobenheimer\/wp-content\/uploads\/Querfloete.png\" data-elementor-open-lightbox=\"yes\" data-elementor-lightbox-title=\"Querfl\u00f6te\" data-e-action-hash=\"#elementor-action%3Aaction%3Dlightbox%26settings%3DeyJpZCI6MjQ4NCwidXJsIjoiaHR0cHM6XC9cL3d3dy5tdXNpa3ZlcmVpbi1ib2JlbmhlaW0uZGVcL2JvYmVuaGVpbWVyXC93cC1jb250ZW50XC91cGxvYWRzXC9RdWVyZmxvZXRlLnBuZyJ9\">\n\t\t\t\t\t\t\t<img decoding=\"async\" width=\"768\" height=\"1163\" src=\"https:\/\/www.musikverein-bobenheim.de\/bobenheimer\/wp-content\/uploads\/Querfloete-768x1163.png\" class=\"attachment-medium_large size-medium_large wp-image-2484\" alt=\"Bild einer Querfl\u00f6te\" srcset=\"https:\/\/www.musikverein-bobenheim.de\/bobenheimer\/wp-content\/uploads\/Querfloete-768x1163.png 768w, https:\/\/www.musikverein-bobenheim.de\/bobenheimer\/wp-content\/uploads\/Querfloete-198x300.png 198w, https:\/\/www.musikverein-bobenheim.de\/bobenheimer\/wp-content\/uploads\/Querfloete-676x1024.png 676w, https:\/\/www.musikverein-bobenheim.de\/bobenheimer\/wp-content\/uploads\/Querfloete-1014x1536.png 1014w, https:\/\/www.musikverein-bobenheim.de\/bobenheimer\/wp-content\/uploads\/Querfloete-1352x2048.png 1352w\" sizes=\"(max-width: 768px) 100vw, 768px\" \/>\t\t\t\t\t\t\t\t<\/a>\n\t\t\t\t\t\t\t\t\t\t\t\t\t\t\t<\/div>\n\t\t\t\t<\/div>\n\t\t\t\t\t<\/div>\n\t\t<\/div>\n\t\t\t\t<div class=\"elementor-column elementor-col-50 elementor-top-column elementor-element elementor-element-f1816a3\" data-id=\"f1816a3\" data-element_type=\"column\" data-e-type=\"column\">\n\t\t\t<div class=\"elementor-widget-wrap elementor-element-populated\">\n\t\t\t\t\t\t<div class=\"elementor-element elementor-element-0180434 elementor-widget elementor-widget-text-editor\" data-id=\"0180434\" data-element_type=\"widget\" data-e-type=\"widget\" data-widget_type=\"text-editor.default\">\n\t\t\t\t<div class=\"elementor-widget-container\">\n\t\t\t\t\t\t\t\t\t<!-- mit Absatz -->\n\nDann <span class=\"mark\">schau vorbei<\/span> und lerne die Bobenheimer pers\u00f6nlich kennen.\n\nUnsere <span class=\"mark\">Proben<\/span> finden freitags von 19:00 bis 21:00 Uhr im Pfarrhaus unterhalb der St. Jakobus Kirche in der <a title=\"auf Google Maps betrachten\" href=\"https:\/\/www.google.de\/maps\/place\/Hauptstr.+39,+67273+Weisenheim+am+Berg\" target=\"_blank\" rel=\"noopener\">Hauptstra\u00dfe 39 in Weisenheim am Berg<\/a> statt.\n\n<!-- Unsere <span class=\"mark\">Proben<\/span> finden freitags von 19:00 bis 21:00 Uhr im Dorfgemeinschaftshaus, in der <a title=\"auf Google Maps betrachten\" href=\"https:\/\/www.google.de\/maps\/place\/Leininger+Str.+44,+67273+Bobenheim+am+Berg\" target=\"_blank\" rel=\"noopener\">Leininger Stra\u00dfe 44 in Bobenheim am Berg<\/a> statt. -->\n\n<!-- Da wir aktuell an wechselnden Orten proben, bitte vorher mit uns Kontakt aufnehmen. -->\t\t\t\t\t\t\t\t<\/div>\n\t\t\t\t<\/div>\n\t\t\t\t\t<\/div>\n\t\t<\/div>\n\t\t\t\t\t<\/div>\n\t\t<\/section>\n\t\t\t\t<section class=\"elementor-section elementor-top-section elementor-element elementor-element-2adbb0f elementor-section-boxed elementor-section-height-default elementor-section-height-default\" data-id=\"2adbb0f\" data-element_type=\"section\" data-e-type=\"section\">\n\t\t\t\t\t\t<div class=\"elementor-container elementor-column-gap-default\">\n\t\t\t\t\t<div class=\"elementor-column elementor-col-100 elementor-top-column elementor-element elementor-element-7a87591\" data-id=\"7a87591\" data-element_type=\"column\" data-e-type=\"column\">\n\t\t\t<div class=\"elementor-widget-wrap elementor-element-populated\">\n\t\t\t\t\t\t<div class=\"elementor-element elementor-element-55b1594 elementor-widget elementor-widget-spacer\" data-id=\"55b1594\" data-element_type=\"widget\" data-e-type=\"widget\" data-widget_type=\"spacer.default\">\n\t\t\t\t<div class=\"elementor-widget-container\">\n\t\t\t\t\t\t\t<div class=\"elementor-spacer\">\n\t\t\t<div class=\"elementor-spacer-inner\"><\/div>\n\t\t<\/div>\n\t\t\t\t\t\t<\/div>\n\t\t\t\t<\/div>\n\t\t\t\t\t<\/div>\n\t\t<\/div>\n\t\t\t\t\t<\/div>\n\t\t<\/section>\n\t\t\t\t<section class=\"elementor-section elementor-top-section elementor-element elementor-element-978a83d elementor-section-boxed elementor-section-height-default elementor-section-height-default\" data-id=\"978a83d\" data-element_type=\"section\" data-e-type=\"section\">\n\t\t\t\t\t\t<div class=\"elementor-container elementor-column-gap-default\">\n\t\t\t\t\t<div class=\"elementor-column elementor-col-100 elementor-top-column elementor-element elementor-element-56830b0\" data-id=\"56830b0\" data-element_type=\"column\" data-e-type=\"column\">\n\t\t\t<div class=\"elementor-widget-wrap elementor-element-populated\">\n\t\t\t\t\t\t<div class=\"elementor-element elementor-element-f05e457 elementor-widget elementor-widget-text-editor\" data-id=\"f05e457\" data-element_type=\"widget\" data-e-type=\"widget\" data-widget_type=\"text-editor.default\">\n\t\t\t\t<div class=\"elementor-widget-container\">\n\t\t\t\t\t\t\t\t\t<p style=\"text-align: right; font-size: 1em;\">Fotos: <a href=\"https:\/\/heimatlichter.com\/\" target=\"_blank\" rel=\"noopener\"> Heimatlichter Freinsheim<\/a><\/p>\t\t\t\t\t\t\t\t<\/div>\n\t\t\t\t<\/div>\n\t\t\t\t<div class=\"elementor-element elementor-element-2c7366f elementor-widget-divider--view-line elementor-widget elementor-widget-divider\" data-id=\"2c7366f\" data-element_type=\"widget\" data-e-type=\"widget\" data-widget_type=\"divider.default\">\n\t\t\t\t<div class=\"elementor-widget-container\">\n\t\t\t\t\t\t\t<div class=\"elementor-divider\">\n\t\t\t<span class=\"elementor-divider-separator\">\n\t\t\t\t\t\t<\/span>\n\t\t<\/div>\n\t\t\t\t\t\t<\/div>\n\t\t\t\t<\/div>\n\t\t\t\t\t<\/div>\n\t\t<\/div>\n\t\t\t\t\t<\/div>\n\t\t<\/section>\n\t\t\t\t<section class=\"elementor-section elementor-top-section elementor-element elementor-element-3ec10c0 elementor-section-boxed elementor-section-height-default elementor-section-height-default\" data-id=\"3ec10c0\" data-element_type=\"section\" data-e-type=\"section\" id=\"kontaktformular\">\n\t\t\t\t\t\t<div class=\"elementor-container elementor-column-gap-default\">\n\t\t\t\t\t<div class=\"elementor-column elementor-col-100 elementor-top-column elementor-element elementor-element-1702be1\" data-id=\"1702be1\" data-element_type=\"column\" data-e-type=\"column\">\n\t\t\t<div class=\"elementor-widget-wrap elementor-element-populated\">\n\t\t\t\t\t\t<div class=\"elementor-element elementor-element-2ef632a elementor-widget elementor-widget-text-editor\" data-id=\"2ef632a\" data-element_type=\"widget\" data-e-type=\"widget\" data-widget_type=\"text-editor.default\">\n\t\t\t\t<div class=\"elementor-widget-container\">\n\t\t\t\t\t\t\t\t\t\n<div class=\"wpcf7 no-js\" id=\"wpcf7-f104-o1\" lang=\"de-DE\" dir=\"ltr\" data-wpcf7-id=\"104\">\n<div class=\"screen-reader-response\"><p role=\"status\" aria-live=\"polite\" aria-atomic=\"true\"><\/p> <ul><\/ul><\/div>\n<form action=\"\/bobenheimer\/wp-json\/wp\/v2\/pages\/2458#wpcf7-f104-o1\" method=\"post\" class=\"wpcf7-form init\" aria-label=\"Kontaktformular\" novalidate=\"novalidate\" data-status=\"init\">\n<fieldset class=\"hidden-fields-container\"><input type=\"hidden\" name=\"_wpcf7\" value=\"104\" \/><input type=\"hidden\" name=\"_wpcf7_version\" value=\"6.1.5\" \/><input type=\"hidden\" name=\"_wpcf7_locale\" value=\"de_DE\" \/><input type=\"hidden\" name=\"_wpcf7_unit_tag\" value=\"wpcf7-f104-o1\" \/><input type=\"hidden\" name=\"_wpcf7_container_post\" value=\"0\" \/><input type=\"hidden\" name=\"_wpcf7_posted_data_hash\" value=\"\" \/><input type=\"hidden\" name=\"_wpcf7_recaptcha_response\" value=\"\" \/>\n<\/fieldset>\n<p><label> Dein Name (Pflichtfeld)<br \/>\n<span class=\"wpcf7-form-control-wrap\" data-name=\"your-name\"><input size=\"40\" maxlength=\"400\" class=\"wpcf7-form-control wpcf7-text wpcf7-validates-as-required\" autocomplete=\"name\" aria-required=\"true\" aria-invalid=\"false\" value=\"\" type=\"text\" name=\"your-name\" \/><\/span> <\/label>\n<\/p>\n<p><label> Deine E-Mail-Adresse (Pflichtfeld)<br \/>\n<span class=\"wpcf7-form-control-wrap\" data-name=\"your-email\"><input size=\"40\" maxlength=\"400\" class=\"wpcf7-form-control wpcf7-email wpcf7-validates-as-required wpcf7-text wpcf7-validates-as-email\" autocomplete=\"email\" aria-required=\"true\" aria-invalid=\"false\" value=\"\" type=\"email\" name=\"your-email\" \/><\/span> <\/label>\n<\/p>\n<p><label> Betreff<br \/>\n<span class=\"wpcf7-form-control-wrap\" data-name=\"your-subject\"><input size=\"40\" maxlength=\"400\" class=\"wpcf7-form-control wpcf7-text\" aria-invalid=\"false\" value=\"\" type=\"text\" name=\"your-subject\" \/><\/span> <\/label>\n<\/p>\n<p><label> Deine Nachricht<br \/>\n<span class=\"wpcf7-form-control-wrap\" data-name=\"your-message\"><textarea cols=\"40\" rows=\"10\" maxlength=\"2000\" class=\"wpcf7-form-control wpcf7-textarea\" aria-invalid=\"false\" name=\"your-message\"><\/textarea><\/span> <\/label>\n<\/p>\n<p><span class=\"wpcf7-form-control-wrap\" data-name=\"acceptance-261\"><span class=\"wpcf7-form-control wpcf7-acceptance\"><span class=\"wpcf7-list-item\"><label><input type=\"checkbox\" name=\"acceptance-261\" value=\"1\" aria-invalid=\"false\" \/><span class=\"wpcf7-list-item-label\">Die abgesendeten Daten werden nur zum Zweck der Bearbeitung Ihres Anliegens verarbeitet. Weitere Informationen finden Sie in unserer <a href=\" https:\/\/www.musikverein-bobenheim.de\/datenschutz\/ \" target=\"_blank\" <strong>Datenschutzerkl\u00e4rung<\/strong> <\/a><\/span><\/label><\/span><\/span><\/span>\n<\/p>\n<p><input class=\"wpcf7-form-control wpcf7-submit has-spinner\" type=\"submit\" value=\"Senden\" \/>\n<\/p><div class=\"wpcf7-response-output\" aria-hidden=\"true\"><\/div>\n<\/form>\n<\/div>\n\t\t\t\t\t\t\t\t<\/div>\n\t\t\t\t<\/div>\n\t\t\t\t\t<\/div>\n\t\t<\/div>\n\t\t\t\t\t<\/div>\n\t\t<\/section>\n\t\t\t\t<\/div>\n\t\t","protected":false},"excerpt":{"rendered":"<p>Sie suchen f\u00fcr Ihre Veranstaltung oder Weinfest ein Orchester, das unterhalten kann und gute Stimmung macht? Dann kontaktieren Sie uns! Wir sind mit \u00fcber 50 aktiven Musikern ein recht gro\u00dfes &#8230; <a title=\"Kontakt\" class=\"read-more\" href=\"https:\/\/www.musikverein-bobenheim.de\/bobenheimer\/kontakt\/\" aria-label=\"Mehr Informationen \u00fcber Kontakt\">Weiterlesen<\/a><\/p>\n","protected":false},"author":1,"featured_media":0,"parent":0,"menu_order":0,"comment_status":"closed","ping_status":"closed","template":"","meta":{"_acf_changed":false,"footnotes":""},"class_list":["post-2458","page","type-page","status-publish"],"acf":[],"publishpress_future_action":{"enabled":false,"date":"2026-04-24 10:35:47","action":"change-status","newStatus":"draft","terms":[],"taxonomy":"","extraData":[]},"publishpress_future_workflow_manual_trigger":{"enabledWorkflows":[]},"rttpg_featured_image_url":null,"rttpg_author":{"display_name":"mw_admin","author_link":"https:\/\/www.musikverein-bobenheim.de\/bobenheimer\/author\/mw_admin\/"},"rttpg_comment":0,"rttpg_category":null,"rttpg_excerpt":"Sie suchen f\u00fcr Ihre Veranstaltung oder Weinfest ein Orchester, das unterhalten kann und gute Stimmung macht? Dann kontaktieren Sie uns! Wir sind mit \u00fcber 50 aktiven Musikern ein recht gro\u00dfes ... Weiterlesen","_links":{"self":[{"href":"https:\/\/www.musikverein-bobenheim.de\/bobenheimer\/wp-json\/wp\/v2\/pages\/2458","targetHints":{"allow":["GET"]}}],"collection":[{"href":"https:\/\/www.musikverein-bobenheim.de\/bobenheimer\/wp-json\/wp\/v2\/pages"}],"about":[{"href":"https:\/\/www.musikverein-bobenheim.de\/bobenheimer\/wp-json\/wp\/v2\/types\/page"}],"author":[{"embeddable":true,"href":"https:\/\/www.musikverein-bobenheim.de\/bobenheimer\/wp-json\/wp\/v2\/users\/1"}],"replies":[{"embeddable":true,"href":"https:\/\/www.musikverein-bobenheim.de\/bobenheimer\/wp-json\/wp\/v2\/comments?post=2458"}],"version-history":[{"count":114,"href":"https:\/\/www.musikverein-bobenheim.de\/bobenheimer\/wp-json\/wp\/v2\/pages\/2458\/revisions"}],"predecessor-version":[{"id":4018,"href":"https:\/\/www.musikverein-bobenheim.de\/bobenheimer\/wp-json\/wp\/v2\/pages\/2458\/revisions\/4018"}],"wp:attachment":[{"href":"https:\/\/www.musikverein-bobenheim.de\/bobenheimer\/wp-json\/wp\/v2\/media?parent=2458"}],"curies":[{"name":"wp","href":"https:\/\/api.w.org\/{rel}","templated":true}]}}