{"id":3346,"date":"2024-07-13T00:00:45","date_gmt":"2024-07-12T22:00:45","guid":{"rendered":"https:\/\/www.musikverein-bobenheim.de\/bobenheimer\/?post_type=tribe_events&#038;p=3346"},"modified":"2026-04-06T17:51:33","modified_gmt":"2026-04-06T15:51:33","slug":"oktoberfest-am-ungeheuersee-2024","status":"publish","type":"tribe_events","link":"https:\/\/www.musikverein-bobenheim.de\/bobenheimer\/veranstaltung\/oktoberfest-am-ungeheuersee-2024\/","title":{"rendered":"Oktoberfest (am Ungeheuersee)"},"content":{"rendered":"<p><!-- Wir spielen beim Oktoberfest an der Weisenheimer H\u00fctte am Ungeheuersee, welches vom <a href=\"https:\/\/www.pwv-weisenheim.de\/\" target=\"_blank\" rel=\"noopener\">Pf\u00e4lzerwald-Verein Weisenheim am Berg e.V.<\/a> organisiert und durchgef\u00fchrt wird. --><\/p>\n<p><i>&#8222;<b>Oktoberfest mit B\u00e4nkeltour<\/b><br \/>\nBayerische statt Pf\u00e4lzer Spezialit\u00e4ten musikalisch umrahmt von dem Unterhaltungsorchester \u201edie Bobenheimer\u201c.<br \/>\nF\u00fcr gehunf\u00e4hige und -behinderte Personen richten wir einen Fahrdienst zur H\u00fctte und zur\u00fcck ein. Die Abfahrtszeiten sind bei der Anmeldung zu erfragen.<br \/>\nAnmeldungen f\u00fcr den Bustransfer erforderlich bis 07.10.2024 bei J\u00fcrgen F\u00f6hner, Tel. 06353 508644 oder 0172 8777237&#8243;<\/i><br \/>\n<cite style=\"float: right;\"><a href=\"https:\/\/www.pwv-weisenheim.de\/\" target=\"_blank\" rel=\"noopener\">Pf\u00e4lzerwald-Verein Weisenheim am Berg e.V.<\/a><\/cite><\/p>\n<p>&nbsp;<\/p>\n<!-- TICKETS --><p>    <\/p><!-- PLAKATE --><p>                                <a href=\"\/bobenheimer\/wp-content\/uploads\/Plakat_Oktoberfest_2024.pdf\" class=\"link-button\" title=\"Plakat-PDF in neuem Tab \u00f6ffnen\" target=\"_blank\"><span class=\"far fa-file-pdf\"><\/span> Plakat-PDF<\/a>                                                <a href=\"\/bobenheimer\/wp-content\/uploads\/Plakat_Oktoberfest_2024_klein.jpg\" class=\"link-button\" title=\"Plakat-JPG in neuem Tab \u00f6ffnen\" target=\"_blank\"><span class=\"far fa-file-image\"><\/span> Plakat-JPG <\/a>                                                                    <\/p><!-- ANK\u00dcNDIGUNGEN --><p>                                                            <\/p><!-- IMPRESSIONEN --><p>                                                <a href=\"https:\/\/www.instagram.com\/die_bobenheimer\/reel\/DBG3_NBoVDY\/\" class=\"link-button\" title=\"auf Instagram \u00f6ffnen\" target=\"_blank\" rel=\"noopener\"><span class=\"fab fa-instagram\"><\/span> Impressionen auf Instagram <\/a>                                                    <\/p>\n","protected":false},"excerpt":{"rendered":"<p>&#8222;Oktoberfest mit B\u00e4nkeltour Bayerische statt Pf\u00e4lzer Spezialit\u00e4ten musikalisch umrahmt von dem Unterhaltungsorchester \u201edie Bobenheimer\u201c. F\u00fcr gehunf\u00e4hige und -behinderte Personen richten wir einen Fahrdienst zur H\u00fctte und zur\u00fcck ein. Die Abfahrtszeiten &#8230; <a title=\"Oktoberfest (am Ungeheuersee)\" class=\"read-more\" href=\"https:\/\/www.musikverein-bobenheim.de\/bobenheimer\/veranstaltung\/oktoberfest-am-ungeheuersee-2024\/\" aria-label=\"Mehr Informationen \u00fcber Oktoberfest (am Ungeheuersee)\">Weiterlesen<\/a><\/p>\n","protected":false},"author":1,"featured_media":3676,"template":"","meta":{"_acf_changed":false,"_tribe_events_status":"","_tribe_events_status_reason":"","footnotes":""},"tags":[],"tribe_events_cat":[8],"class_list":["post-3346","tribe_events","type-tribe_events","status-publish","has-post-thumbnail","hentry","tribe_events_cat-auftritt","cat_auftritt"],"acf":[],"publishpress_future_workflow_manual_trigger":{"enabledWorkflows":[]},"_links":{"self":[{"href":"https:\/\/www.musikverein-bobenheim.de\/bobenheimer\/wp-json\/wp\/v2\/tribe_events\/3346","targetHints":{"allow":["GET"]}}],"collection":[{"href":"https:\/\/www.musikverein-bobenheim.de\/bobenheimer\/wp-json\/wp\/v2\/tribe_events"}],"about":[{"href":"https:\/\/www.musikverein-bobenheim.de\/bobenheimer\/wp-json\/wp\/v2\/types\/tribe_events"}],"author":[{"embeddable":true,"href":"https:\/\/www.musikverein-bobenheim.de\/bobenheimer\/wp-json\/wp\/v2\/users\/1"}],"version-history":[{"count":10,"href":"https:\/\/www.musikverein-bobenheim.de\/bobenheimer\/wp-json\/wp\/v2\/tribe_events\/3346\/revisions"}],"predecessor-version":[{"id":5003,"href":"https:\/\/www.musikverein-bobenheim.de\/bobenheimer\/wp-json\/wp\/v2\/tribe_events\/3346\/revisions\/5003"}],"wp:featuredmedia":[{"embeddable":true,"href":"https:\/\/www.musikverein-bobenheim.de\/bobenheimer\/wp-json\/wp\/v2\/media\/3676"}],"wp:attachment":[{"href":"https:\/\/www.musikverein-bobenheim.de\/bobenheimer\/wp-json\/wp\/v2\/media?parent=3346"}],"wp:term":[{"taxonomy":"post_tag","embeddable":true,"href":"https:\/\/www.musikverein-bobenheim.de\/bobenheimer\/wp-json\/wp\/v2\/tags?post=3346"},{"taxonomy":"tribe_events_cat","embeddable":true,"href":"https:\/\/www.musikverein-bobenheim.de\/bobenheimer\/wp-json\/wp\/v2\/tribe_events_cat?post=3346"}],"curies":[{"name":"wp","href":"https:\/\/api.w.org\/{rel}","templated":true}]}}

<p><!-- Wir spielen beim Oktoberfest an der Weisenheimer Hütte am Ungeheuersee, welches vom <a href="https://www.pwv-weisenheim.de/" target="_blank" rel="noopener">Pfälzerwald-Verein Weisenheim am Berg e.V.</a> organisiert und durchgeführt wird. --></p>
<p><i>&#8222;<b>Oktoberfest mit Bänkeltour</b><br />
Bayerische statt Pfälzer Spezialitäten musikalisch umrahmt von dem Unterhaltungsorchester „die Bobenheimer“.<br />
Für gehunfähige und -behinderte Personen richten wir einen Fahrdienst zur Hütte und zurück ein. Die Abfahrtszeiten sind bei der Anmeldung zu erfragen.<br />
Anmeldungen für den Bustransfer erforderlich bis 07.10.2024 bei Jürgen Föhner, Tel. 06353 508644 oder 0172 8777237&#8243;</i><br />
<cite style="float: right;"><a href="https://www.pwv-weisenheim.de/" target="_blank" rel="noopener">Pfälzerwald-Verein Weisenheim am Berg e.V.</a></cite></p>
<p>&nbsp;</p>
<!-- TICKETS --><p>    </p><!-- PLAKATE --><p>                                <a href="/bobenheimer/wp-content/uploads/Plakat_Oktoberfest_2024.pdf" class="link-button" title="Plakat-PDF in neuem Tab öffnen" target="_blank"><span class="far fa-file-pdf"></span> Plakat-PDF</a>                                                <a href="/bobenheimer/wp-content/uploads/Plakat_Oktoberfest_2024_klein.jpg" class="link-button" title="Plakat-JPG in neuem Tab öffnen" target="_blank"><span class="far fa-file-image"></span> Plakat-JPG </a>                                                                    </p><!-- ANKÜNDIGUNGEN --><p>                                                            </p><!-- IMPRESSIONEN --><p>                                                <a href="https://www.instagram.com/die_bobenheimer/reel/DBG3_NBoVDY/" class="link-button" title="auf Instagram öffnen" target="_blank" rel="noopener"><span class="fab fa-instagram"></span> Impressionen auf Instagram </a>                                                    </p>

<p>&#8222;Oktoberfest mit Bänkeltour Bayerische statt Pfälzer Spezialitäten musikalisch umrahmt von dem Unterhaltungsorchester „die Bobenheimer“. Für gehunfähige und -behinderte Personen richten wir einen Fahrdienst zur Hütte und zurück ein. Die Abfahrtszeiten &#8230; <a title="Oktoberfest (am Ungeheuersee)" class="read-more" href="https://www.musikverein-bobenheim.de/bobenheimer/veranstaltung/oktoberfest-am-ungeheuersee-2024/" aria-label="Mehr Informationen über Oktoberfest (am Ungeheuersee)">Weiterlesen</a></p>
