{"id":3550,"date":"2024-04-27T18:55:10","date_gmt":"2024-04-27T16:55:10","guid":{"rendered":"https:\/\/www.musikverein-bobenheim.de\/bobenheimer\/?post_type=tribe_events&#038;p=3550"},"modified":"2026-04-06T17:59:13","modified_gmt":"2026-04-06T15:59:13","slug":"stadtfest-bad-duerkheim","status":"publish","type":"tribe_events","link":"https:\/\/www.musikverein-bobenheim.de\/bobenheimer\/veranstaltung\/stadtfest-bad-duerkheim\/","title":{"rendered":"Stadtfest Bad D\u00fcrkheim"},"content":{"rendered":"<p>Wir spielen um 19:00 Uhr bei der Er\u00f6ffnung des Stadtfestes durch die B\u00fcrgermeisterin unser Palzlied auf dem Schlossplatz.<\/p>\n<p>&nbsp;<\/p>\n<!-- TICKETS --><p>    <\/p><!-- PLAKATE --><p>                                                                    <\/p><!-- ANK\u00dcNDIGUNGEN --><p>                                <a href=\"https:\/\/t725ea6a2.emailsys1a.net\/mailing\/244\/7461454\/761059\/1\/646a8a4f0c\/index.html\" class=\"link-button\" title=\"im Newsletter \u00f6ffnen\" target=\"_blank\" rel=\"noopener\"><span class=\"fas fa-mail-bulk\"><\/span> Ank\u00fcndigung im Newsletter <\/a>                                                                    <\/p><!-- IMPRESSIONEN --><p>                                <a href=\"https:\/\/t725ea6a2.emailsys1a.net\/mailing\/244\/7802747\/283049\/29\/5b51ee54e3\/index.html#:~:text=NEUES%20VON%20DEN%20BOBENHEIMERN\" class=\"link-button\" title=\"im Newsletter \u00f6ffnen\" target=\"_blank\" rel=\"noopener\"><span class=\"fas fa-mail-bulk\"><\/span> Impressionen im Newsletter <sup>1<\/sup><\/a>                    <a href=\"https:\/\/www.musikverein-bobenheim.de\/2024\/09\/25\/neues-von-den-bobenheimern\/\" class=\"link-button\" title=\"im Newsletter \u00f6ffnen\" target=\"_blank\" rel=\"noopener\"><span class=\"fas fa-mail-bulk\"><\/span> Impressionen im Newsletter <sup>2<\/sup><\/a>                                                                    <\/p>\n","protected":false},"excerpt":{"rendered":"<p>Wir spielen um 19:00 Uhr bei der Er\u00f6ffnung des Stadtfestes durch die B\u00fcrgermeisterin unser Palzlied auf dem Schlossplatz. &nbsp;<\/p>\n","protected":false},"author":1,"featured_media":0,"template":"","meta":{"_acf_changed":false,"_tribe_events_status":"","_tribe_events_status_reason":"","footnotes":""},"tags":[],"tribe_events_cat":[8],"class_list":["post-3550","tribe_events","type-tribe_events","status-publish","hentry","tribe_events_cat-auftritt","cat_auftritt"],"acf":[],"publishpress_future_workflow_manual_trigger":{"enabledWorkflows":[]},"_links":{"self":[{"href":"https:\/\/www.musikverein-bobenheim.de\/bobenheimer\/wp-json\/wp\/v2\/tribe_events\/3550","targetHints":{"allow":["GET"]}}],"collection":[{"href":"https:\/\/www.musikverein-bobenheim.de\/bobenheimer\/wp-json\/wp\/v2\/tribe_events"}],"about":[{"href":"https:\/\/www.musikverein-bobenheim.de\/bobenheimer\/wp-json\/wp\/v2\/types\/tribe_events"}],"author":[{"embeddable":true,"href":"https:\/\/www.musikverein-bobenheim.de\/bobenheimer\/wp-json\/wp\/v2\/users\/1"}],"version-history":[{"count":4,"href":"https:\/\/www.musikverein-bobenheim.de\/bobenheimer\/wp-json\/wp\/v2\/tribe_events\/3550\/revisions"}],"predecessor-version":[{"id":5012,"href":"https:\/\/www.musikverein-bobenheim.de\/bobenheimer\/wp-json\/wp\/v2\/tribe_events\/3550\/revisions\/5012"}],"wp:attachment":[{"href":"https:\/\/www.musikverein-bobenheim.de\/bobenheimer\/wp-json\/wp\/v2\/media?parent=3550"}],"wp:term":[{"taxonomy":"post_tag","embeddable":true,"href":"https:\/\/www.musikverein-bobenheim.de\/bobenheimer\/wp-json\/wp\/v2\/tags?post=3550"},{"taxonomy":"tribe_events_cat","embeddable":true,"href":"https:\/\/www.musikverein-bobenheim.de\/bobenheimer\/wp-json\/wp\/v2\/tribe_events_cat?post=3550"}],"curies":[{"name":"wp","href":"https:\/\/api.w.org\/{rel}","templated":true}]}}

Stadtfest Bad Dürkheim

<p>Wir spielen um 19:00 Uhr bei der Eröffnung des Stadtfestes durch die Bürgermeisterin unser Palzlied auf dem Schlossplatz.</p>
<p>&nbsp;</p>
<!-- TICKETS --><p>    </p><!-- PLAKATE --><p>                                                                    </p><!-- ANKÜNDIGUNGEN --><p>                                <a href="https://t725ea6a2.emailsys1a.net/mailing/244/7461454/761059/1/646a8a4f0c/index.html" class="link-button" title="im Newsletter öffnen" target="_blank" rel="noopener"><span class="fas fa-mail-bulk"></span> Ankündigung im Newsletter </a>                                                                    </p><!-- IMPRESSIONEN --><p>                                <a href="https://t725ea6a2.emailsys1a.net/mailing/244/7802747/283049/29/5b51ee54e3/index.html#:~:text=NEUES%20VON%20DEN%20BOBENHEIMERN" class="link-button" title="im Newsletter öffnen" target="_blank" rel="noopener"><span class="fas fa-mail-bulk"></span> Impressionen im Newsletter <sup>1</sup></a>                    <a href="https://www.musikverein-bobenheim.de/2024/09/25/neues-von-den-bobenheimern/" class="link-button" title="im Newsletter öffnen" target="_blank" rel="noopener"><span class="fas fa-mail-bulk"></span> Impressionen im Newsletter <sup>2</sup></a>                                                                    </p>

<p>Wir spielen um 19:00 Uhr bei der Eröffnung des Stadtfestes durch die Bürgermeisterin unser Palzlied auf dem Schlossplatz. &nbsp;</p>
