{"id":3561,"date":"2024-04-14T00:00:46","date_gmt":"2024-04-13T22:00:46","guid":{"rendered":"https:\/\/www.musikverein-bobenheim.de\/bobenheimer\/?post_type=tribe_events&#038;p=3561"},"modified":"2026-04-06T17:55:09","modified_gmt":"2026-04-06T15:55:09","slug":"drachenfelsclub-matinee-2024","status":"publish","type":"tribe_events","link":"https:\/\/www.musikverein-bobenheim.de\/bobenheimer\/veranstaltung\/drachenfelsclub-matinee-2024\/","title":{"rendered":"Drachenfelsclub &#8211; Matinee"},"content":{"rendered":"<p><i>&#8222;In der idyllischen, rebenbewachsenen Umgebung des Vigilienturms kann man sich auf ein Konzert bei der Open-Air-Veranstaltung \u00fcber den D\u00e4chern Bad D\u00fcrkheims freuen.<br \/>\nAlle sind eingeladen, ihre Picknick-K\u00f6rbe nach Lust und Laune zu packen. Au\u00dferdem wird es kulinarische Kleinigkeiten der flei\u00dfigen Mitglieder des Drachenfelsclubsgeben. Begleitet wird die Matin\u00e9e in bew\u00e4hrter Weise von einer interessanten Weinauswahl.<br \/>\nKarten sind im Vorverkauf (5,-\u20ac) unter info@drachenfelsclub.de erh\u00e4ltlich.&#8220;<\/i><br \/>\n<cite style=\"float: right\"><a href=\"https:\/\/www.drachenfelsclub.de\/veranstaltungen\" target=\"_blank\" rel=\"noopener\">Drachenfels-Club<\/a><\/cite><\/p>\n<p>&nbsp;<\/p>\n<!-- TICKETS --><p>    <\/p><!-- PLAKATE --><p>                                        <a href=\"\/bobenheimer\/wp-content\/uploads\/2024-07-14_Drachenfelsclub_klein.jpg\" class=\"link-button\" title=\"Plakat-JPG in neuem Tab \u00f6ffnen\" target=\"_blank\"><span class=\"far fa-file-image\"><\/span> Plakat-JPG <\/a>                                                                    <\/p><!-- ANK\u00dcNDIGUNGEN --><p>                                                                        <a href=\"https:\/\/www.drachenfelsclub.de\/veranstaltungen\" class=\"link-button\" title=\"Ank\u00fcndigung auf der Webseite \u00f6ffnen\" target=\"_blank\" rel=\"noopener\"><span class=\"fas fa-bullhorn\"><\/span> <abbr title=\"Ank\u00fcndigung\">Ank.<\/abbr> Webseite Veranstalter <\/a>                            <\/p><!-- IMPRESSIONEN --><p>                                                            <\/p>\n","protected":false},"excerpt":{"rendered":"<p>&#8222;In der idyllischen, rebenbewachsenen Umgebung des Vigilienturms kann man sich auf ein Konzert bei der Open-Air-Veranstaltung \u00fcber den D\u00e4chern Bad D\u00fcrkheims freuen. Alle sind eingeladen, ihre Picknick-K\u00f6rbe nach Lust und &#8230; <a title=\"Drachenfelsclub &#8211; Matinee\" class=\"read-more\" href=\"https:\/\/www.musikverein-bobenheim.de\/bobenheimer\/veranstaltung\/drachenfelsclub-matinee-2024\/\" aria-label=\"Mehr Informationen \u00fcber Drachenfelsclub &#8211; Matinee\">Weiterlesen<\/a><\/p>\n","protected":false},"author":1,"featured_media":4413,"template":"","meta":{"_acf_changed":false,"_tribe_events_status":"","_tribe_events_status_reason":"","footnotes":""},"tags":[],"tribe_events_cat":[8],"class_list":["post-3561","tribe_events","type-tribe_events","status-publish","has-post-thumbnail","hentry","tribe_events_cat-auftritt","cat_auftritt"],"acf":[],"publishpress_future_workflow_manual_trigger":{"enabledWorkflows":[]},"_links":{"self":[{"href":"https:\/\/www.musikverein-bobenheim.de\/bobenheimer\/wp-json\/wp\/v2\/tribe_events\/3561","targetHints":{"allow":["GET"]}}],"collection":[{"href":"https:\/\/www.musikverein-bobenheim.de\/bobenheimer\/wp-json\/wp\/v2\/tribe_events"}],"about":[{"href":"https:\/\/www.musikverein-bobenheim.de\/bobenheimer\/wp-json\/wp\/v2\/types\/tribe_events"}],"author":[{"embeddable":true,"href":"https:\/\/www.musikverein-bobenheim.de\/bobenheimer\/wp-json\/wp\/v2\/users\/1"}],"version-history":[{"count":6,"href":"https:\/\/www.musikverein-bobenheim.de\/bobenheimer\/wp-json\/wp\/v2\/tribe_events\/3561\/revisions"}],"predecessor-version":[{"id":5006,"href":"https:\/\/www.musikverein-bobenheim.de\/bobenheimer\/wp-json\/wp\/v2\/tribe_events\/3561\/revisions\/5006"}],"wp:featuredmedia":[{"embeddable":true,"href":"https:\/\/www.musikverein-bobenheim.de\/bobenheimer\/wp-json\/wp\/v2\/media\/4413"}],"wp:attachment":[{"href":"https:\/\/www.musikverein-bobenheim.de\/bobenheimer\/wp-json\/wp\/v2\/media?parent=3561"}],"wp:term":[{"taxonomy":"post_tag","embeddable":true,"href":"https:\/\/www.musikverein-bobenheim.de\/bobenheimer\/wp-json\/wp\/v2\/tags?post=3561"},{"taxonomy":"tribe_events_cat","embeddable":true,"href":"https:\/\/www.musikverein-bobenheim.de\/bobenheimer\/wp-json\/wp\/v2\/tribe_events_cat?post=3561"}],"curies":[{"name":"wp","href":"https:\/\/api.w.org\/{rel}","templated":true}]}}

<p><i>&#8222;In der idyllischen, rebenbewachsenen Umgebung des Vigilienturms kann man sich auf ein Konzert bei der Open-Air-Veranstaltung über den Dächern Bad Dürkheims freuen.<br />
Alle sind eingeladen, ihre Picknick-Körbe nach Lust und Laune zu packen. Außerdem wird es kulinarische Kleinigkeiten der fleißigen Mitglieder des Drachenfelsclubsgeben. Begleitet wird die Matinée in bewährter Weise von einer interessanten Weinauswahl.<br />
Karten sind im Vorverkauf (5,-€) unter info@drachenfelsclub.de erhältlich.&#8220;</i><br />
<cite style="float: right"><a href="https://www.drachenfelsclub.de/veranstaltungen" target="_blank" rel="noopener">Drachenfels-Club</a></cite></p>
<p>&nbsp;</p>
<!-- TICKETS --><p>    </p><!-- PLAKATE --><p>                                        <a href="/bobenheimer/wp-content/uploads/2024-07-14_Drachenfelsclub_klein.jpg" class="link-button" title="Plakat-JPG in neuem Tab öffnen" target="_blank"><span class="far fa-file-image"></span> Plakat-JPG </a>                                                                    </p><!-- ANKÜNDIGUNGEN --><p>                                                                        <a href="https://www.drachenfelsclub.de/veranstaltungen" class="link-button" title="Ankündigung auf der Webseite öffnen" target="_blank" rel="noopener"><span class="fas fa-bullhorn"></span> <abbr title="Ankündigung">Ank.</abbr> Webseite Veranstalter </a>                            </p><!-- IMPRESSIONEN --><p>                                                            </p>

<p>&#8222;In der idyllischen, rebenbewachsenen Umgebung des Vigilienturms kann man sich auf ein Konzert bei der Open-Air-Veranstaltung über den Dächern Bad Dürkheims freuen. Alle sind eingeladen, ihre Picknick-Körbe nach Lust und &#8230; <a title="Drachenfelsclub &#8211; Matinee" class="read-more" href="https://www.musikverein-bobenheim.de/bobenheimer/veranstaltung/drachenfelsclub-matinee-2024/" aria-label="Mehr Informationen über Drachenfelsclub &#8211; Matinee">Weiterlesen</a></p>
