{"id":3695,"date":"2024-10-14T18:20:54","date_gmt":"2024-10-14T16:20:54","guid":{"rendered":"https:\/\/www.musikverein-bobenheim.de\/bobenheimer\/?post_type=tribe_events&#038;p=3695"},"modified":"2026-04-06T17:50:17","modified_gmt":"2026-04-06T15:50:17","slug":"belzenickelmarkt-2024","status":"publish","type":"tribe_events","link":"https:\/\/www.musikverein-bobenheim.de\/bobenheimer\/veranstaltung\/belzenickelmarkt-2024\/","title":{"rendered":"Belzenickelmarkt"},"content":{"rendered":"<p>Wir spielen auf dem Belzenickelmarkt ein paar Weihnachtslieder am Brunnen vor dem Dorfgemeinschaftshaus.<\/p>\n<p>&nbsp;<\/p>\n<p>F\u00fcr n\u00e4here Informationen \u00fcber den Belzenickelmarkt, siehe die <a href=\"https:\/\/bv-bobenheim.de\/index.php\/belzenickelmarkt\" rel=\"noopener\" target=\"_blank\">Webseite des B\u00fcrgervereins Bobenheim am Berg e.V.<\/a><\/p>\n<p>&nbsp;<\/p>\n<!-- TICKETS --><p>    <\/p><!-- PLAKATE --><p>                                <a href=\"\/bobenheimer\/wp-content\/uploads\/Belzenicklmarkt2024_Plakat.pdf\" class=\"link-button\" title=\"Plakat-PDF in neuem Tab \u00f6ffnen\" target=\"_blank\"><span class=\"far fa-file-pdf\"><\/span> Plakat-PDF<\/a>                                                <a href=\"\/bobenheimer\/wp-content\/uploads\/Belzenicklmarkt2024_Plakat.png\" class=\"link-button\" title=\"Plakat-JPG in neuem Tab \u00f6ffnen\" target=\"_blank\"><span class=\"far fa-file-image\"><\/span> Plakat-JPG <\/a>                                                                    <\/p><!-- ANK\u00dcNDIGUNGEN --><p>                                                                        <a href=\"https:\/\/bv-bobenheim.de\/index.php\/belzenickelmarkt\" class=\"link-button\" title=\"Ank\u00fcndigung auf der Webseite \u00f6ffnen\" target=\"_blank\" rel=\"noopener\"><span class=\"fas fa-bullhorn\"><\/span> <abbr title=\"Ank\u00fcndigung\">Ank.<\/abbr> Webseite Veranstalter <\/a>                            <\/p><!-- IMPRESSIONEN --><p>                                                            <\/p>\n","protected":false},"excerpt":{"rendered":"<p>Wir spielen auf dem Belzenickelmarkt ein paar Weihnachtslieder am Brunnen vor dem Dorfgemeinschaftshaus. &nbsp; F\u00fcr n\u00e4here Informationen \u00fcber den Belzenickelmarkt, siehe die Webseite des B\u00fcrgervereins Bobenheim am Berg e.V. &nbsp;<\/p>\n","protected":false},"author":1,"featured_media":3698,"template":"","meta":{"_acf_changed":false,"_tribe_events_status":"","_tribe_events_status_reason":"","footnotes":""},"tags":[],"tribe_events_cat":[8,32,29],"class_list":["post-3695","tribe_events","type-tribe_events","status-publish","has-post-thumbnail","hentry","tribe_events_cat-auftritt","tribe_events_cat-beatbob","tribe_events_cat-musikverein","cat_auftritt","cat_beatbob","cat_musikverein"],"acf":[],"publishpress_future_workflow_manual_trigger":{"enabledWorkflows":[]},"_links":{"self":[{"href":"https:\/\/www.musikverein-bobenheim.de\/bobenheimer\/wp-json\/wp\/v2\/tribe_events\/3695","targetHints":{"allow":["GET"]}}],"collection":[{"href":"https:\/\/www.musikverein-bobenheim.de\/bobenheimer\/wp-json\/wp\/v2\/tribe_events"}],"about":[{"href":"https:\/\/www.musikverein-bobenheim.de\/bobenheimer\/wp-json\/wp\/v2\/types\/tribe_events"}],"author":[{"embeddable":true,"href":"https:\/\/www.musikverein-bobenheim.de\/bobenheimer\/wp-json\/wp\/v2\/users\/1"}],"version-history":[{"count":7,"href":"https:\/\/www.musikverein-bobenheim.de\/bobenheimer\/wp-json\/wp\/v2\/tribe_events\/3695\/revisions"}],"predecessor-version":[{"id":5000,"href":"https:\/\/www.musikverein-bobenheim.de\/bobenheimer\/wp-json\/wp\/v2\/tribe_events\/3695\/revisions\/5000"}],"wp:featuredmedia":[{"embeddable":true,"href":"https:\/\/www.musikverein-bobenheim.de\/bobenheimer\/wp-json\/wp\/v2\/media\/3698"}],"wp:attachment":[{"href":"https:\/\/www.musikverein-bobenheim.de\/bobenheimer\/wp-json\/wp\/v2\/media?parent=3695"}],"wp:term":[{"taxonomy":"post_tag","embeddable":true,"href":"https:\/\/www.musikverein-bobenheim.de\/bobenheimer\/wp-json\/wp\/v2\/tags?post=3695"},{"taxonomy":"tribe_events_cat","embeddable":true,"href":"https:\/\/www.musikverein-bobenheim.de\/bobenheimer\/wp-json\/wp\/v2\/tribe_events_cat?post=3695"}],"curies":[{"name":"wp","href":"https:\/\/api.w.org\/{rel}","templated":true}]}}

<p>Wir spielen auf dem Belzenickelmarkt ein paar Weihnachtslieder am Brunnen vor dem Dorfgemeinschaftshaus.</p>
<p>&nbsp;</p>
<p>Für nähere Informationen über den Belzenickelmarkt, siehe die <a href="https://bv-bobenheim.de/index.php/belzenickelmarkt" rel="noopener" target="_blank">Webseite des Bürgervereins Bobenheim am Berg e.V.</a></p>
<p>&nbsp;</p>
<!-- TICKETS --><p>    </p><!-- PLAKATE --><p>                                <a href="/bobenheimer/wp-content/uploads/Belzenicklmarkt2024_Plakat.pdf" class="link-button" title="Plakat-PDF in neuem Tab öffnen" target="_blank"><span class="far fa-file-pdf"></span> Plakat-PDF</a>                                                <a href="/bobenheimer/wp-content/uploads/Belzenicklmarkt2024_Plakat.png" class="link-button" title="Plakat-JPG in neuem Tab öffnen" target="_blank"><span class="far fa-file-image"></span> Plakat-JPG </a>                                                                    </p><!-- ANKÜNDIGUNGEN --><p>                                                                        <a href="https://bv-bobenheim.de/index.php/belzenickelmarkt" class="link-button" title="Ankündigung auf der Webseite öffnen" target="_blank" rel="noopener"><span class="fas fa-bullhorn"></span> <abbr title="Ankündigung">Ank.</abbr> Webseite Veranstalter </a>                            </p><!-- IMPRESSIONEN --><p>                                                            </p>

<p>Wir spielen auf dem Belzenickelmarkt ein paar Weihnachtslieder am Brunnen vor dem Dorfgemeinschaftshaus. &nbsp; Für nähere Informationen über den Belzenickelmarkt, siehe die Webseite des Bürgervereins Bobenheim am Berg e.V. &nbsp;</p>
